No log traffic in adb logcat in THETA X plug-in development

I updated my Theta X firmware to 1.30.0> I cannot see any log traffic coming out of usb (adb logcat).
It only shows

--------- beginning of main
06-17 03:08:30.772   547   547 W auditd  : type=2000 audit(0.0:1): initialized
06-17 03:08:31.929   547   547 I auditd  : type=1403 audit(0.0:2): policy loaded auid=4294967295 ses=4294967295
06-17 03:08:33.519     1     1 I init    : type=1400 audit(0.0:3): avc: denied { add_name } for name="trigger" scontext=u:r:init:s0 tcontext=u:object_r:sysfs:s0 tclass=dir permissive=1
06-17 03:08:33.519     1     1 I init    : type=1400 audit(0.0:4): avc: denied { create } for name="trigger" scontext=u:r:init:s0 tcontext=u:object_r:sysfs:s0 tclass=file permissive=1
06-17 03:08:33.519     1     1 I init    : type=1400 audit(0.0:5): avc: denied { write } for name="trigger" dev="sysfs" ino=53860 scontext=u:r:init:s0 tcontext=u:object_r:sysfs:s0 tclass=file permissive=1
06-17 03:08:33.519     1     1 I init    : type=1400 audit(0.0:6): avc: denied { open } for path="/sys/devices/platform/soc/c440000.qcom,spmi/spmi-0/spmi0-01/c440000.qcom,spmi:qcom,pm660@1:qcom,haptics@c000/leds/vibrator/trigger" dev="sysfs" ino=53860 scontext=u:r:init:s0 tcontext=u:object_r:sysfs:s0 tclass=file permissive=1
06-17 03:08:33.539   530   530 I init    : type=1400 audit(0.0:7): avc: denied { add_name } for name="poweron_alarm" scontext=u:r:vendor_init:s0 tcontext=u:object_r:sysfs:s0 tclass=dir permissive=1
06-17 03:08:33.539   530   530 I init    : type=1400 audit(0.0:8): avc: denied { create } for name="poweron_alarm" scontext=u:r:vendor_init:s0 tcontext=u:object_r:sysfs:s0 tclass=file permissive=1
06-17 03:08:33.554   550   550 I SELinux : SELinux: Loaded service_contexts from:
06-17 03:08:33.554   550   550 I SELinux :     /vendor/etc/selinux/vndservice_contexts
06-17 03:08:33.558   548   548 W SELinux : Multiple same specifications for qti.ims.ext.
06-17 03:08:33.560   548   548 I SELinux : SELinux: Loaded service_contexts from:
06-17 03:08:33.560   548   548 I SELinux :     /system/etc/selinux/plat_service_contexts
06-17 03:08:33.560   548   548 I SELinux :     /product/etc/selinux/product_service_contexts
06-17 03:08:33.609   566   566 I e2fsck  : type=1400 audit(0.0:9): avc: denied { read } for name="sda9" dev="tmpfs" ino=14424 scontext=u:r:fsck:s0 tcontext=u:object_r:block_device:s0 tclass=blk_file permissive=1
06-17 03:08:33.609   566   566 I e2fsck  : type=1400 audit(0.0:10): avc: denied { open } for path="/dev/block/sda9" dev="tmpfs" ino=14424 scontext=u:r:fsck:s0 tcontext=u:object_r:block_device:s0 tclass=blk_file permissive=1
06-17 03:08:33.609   566   566 I e2fsck  : type=1400 audit(0.0:11): avc: denied { write } for name="sda9" dev="tmpfs" ino=14424 scontext=u:r:fsck:s0 tcontext=u:object_r:block_device:s0 tclass=blk_file permissive=1
06-17 03:08:33.609   566   566 I e2fsck  : type=1400 audit(0.0:12): avc: denied { ioctl } for path="/dev/block/sda9" dev="tmpfs" ino=14424 ioctlcmd=0x127c scontext=u:r:fsck:s0 tcontext=u:object_r:block_device:s0 tclass=blk_file permissive=1
--------- beginning of system
06-17 03:08:33.612   559   559 I vold    : Vold 3.0-tuxera (the awakening) firing up
06-17 03:08:33.613   559   559 D vold    : Detected support for: ext4 f2fs vfat
06-17 03:08:33.615   559   559 D vold    : Found unmanaged dm device named vroot
06-17 03:08:33.615   559   559 D vold    : Found unmanaged dm device named vendor-verity
06-17 03:08:33.615   559   559 W vold    : Failed to LOOP_GET_STATUS64 /dev/block/loop9: No such device or address
06-17 03:08:33.615   559   559 W vold    : Failed to LOOP_GET_STATUS64 /dev/block/loop1: No such device or address
06-17 03:08:33.615   559   559 W vold    : Failed to LOOP_GET_STATUS64 /dev/block/loop7: No such device or address
06-17 03:08:33.615   559   559 W vold    : Failed to LOOP_GET_STATUS64 /dev/block/loop14: No such device or address
06-17 03:08:33.615   559   559 W vold    : Failed to LOOP_GET_STATUS64 /dev/block/loop3: No such device or address
06-17 03:08:33.615   559   559 W vold    : Failed to LOOP_GET_STATUS64 /dev/block/loop6: No such device or address
06-17 03:08:33.615   559   559 W vold    : Failed to LOOP_GET_STATUS64 /dev/block/loop13: No such device or address
06-17 03:08:33.615   559   559 W vold    : Failed to LOOP_GET_STATUS64 /dev/block/loop10: No such device or address
06-17 03:08:33.615   559   559 W vold    : Failed to LOOP_GET_STATUS64 /dev/block/loop2: No such device or address
06-17 03:08:33.615   559   559 W vold    : Failed to LOOP_GET_STATUS64 /dev/block/loop8: No such device or address
06-17 03:08:33.615   559   559 W vold    : Failed to LOOP_GET_STATUS64 /dev/block/loop15: No such device or address
06-17 03:08:33.615   559   559 W vold    : Failed to LOOP_GET_STATUS64 /dev/block/loop0: No such device or address
06-17 03:08:33.615   559   559 W vold    : Failed to LOOP_GET_STATUS64 /dev/block/loop4: No such device or address
06-17 03:08:33.615   559   559 W vold    : Failed to LOOP_GET_STATUS64 /dev/block/loop5: No such device or address
06-17 03:08:33.615   559   559 W vold    : Failed to LOOP_GET_STATUS64 /dev/block/loop12: No such device or address
06-17 03:08:33.615   559   559 W vold    : Failed to LOOP_GET_STATUS64 /dev/block/loop11: No such device or address
06-17 03:08:33.617   559   559 D vold    : VoldNativeService::start() completed OK
06-17 03:08:33.629   549   549 I hwservicemanager: hwservicemanager is ready now.
06-17 03:08:33.629   553   553 E cutils-trace: Error opening trace file: Permission denied (13)
06-17 03:08:33.629   549   549 E cutils-trace: Error opening trace file: Permission denied (13)
06-17 03:08:33.656   549   549 I hwservicemanager: getTransport: Cannot find entry vendor.qti.hardware.qseecom@1.0::IQSEECom/default in either framework or device manifest.
06-17 03:08:33.669   553   553 I ServiceManagement: Registered vendor.qti.hardware.qseecom@1.0::IQSEECom/default (start delay of 125ms)
06-17 03:08:33.669   553   553 I ServiceManagement: Removing namespace from process name vendor.qti.hardware.qseecom@1.0-service to qseecom@1.0-service.
06-17 03:08:33.669   553   553 I QSEECOM_SERVICE: IQSEECom registerAsService is successful
06-17 03:08:33.699   530   530 I init    : type=1400 audit(0.0:13): avc: denied { create } for name="ipa" scontext=u:r:vendor_init:s0 tcontext=u:object_r:ipa_dev:s0 tclass=file permissive=1
06-17 03:08:33.699   530   530 I init    : type=1400 audit(0.0:14): avc: denied { write open } for path="/dev/ipa" dev="tmpfs" ino=11614 scontext=u:r:vendor_init:s0 tcontext=u:object_r:ipa_dev:s0 tclass=file permissive=1
06-17 03:08:33.729   580   580 I ipacm-diag: type=1400 audit(0.0:15): avc: denied { read write } for name="diag" dev="tmpfs" ino=21277 scontext=u:r:ipacm-diag:s0 tcontext=u:object_r:diag_device:s0 tclass=chr_file permissive=1
06-17 03:08:33.729   580   580 I ipacm-diag: type=1400 audit(0.0:16): avc: denied { open } for path="/dev/diag" dev="tmpfs" ino=21277 scontext=u:r:ipacm-diag:s0 tcontext=u:object_r:diag_device:s0 tclass=chr_file permissive=1
06-17 03:08:33.729   580   580 I ipacm-diag: type=1400 audit(0.0:17): avc: denied { ioctl } for path="/dev/diag" dev="tmpfs" ino=21277 ioctlcmd=0x20 scontext=u:r:ipacm-diag:s0 tcontext=u:object_r:diag_device:s0 tclass=chr_file permissive=1
06-17 03:08:33.737   580   580 E Diag_Lib: diag: Unable to get remote processor info. Continuing with just the local processor
06-17 03:08:33.741   559   559 I Checkpoint: cp_prepareCheckpoint called
06-17 03:08:33.744   582   582 I ServiceManagement: Registered android.hardware.atrace@1.0::IAtraceDevice/default (start delay of 30ms)
06-17 03:08:33.744   582   582 I ServiceManagement: Removing namespace from process name android.hardware.atrace@1.0-service to atrace@1.0-service.
06-17 03:08:33.749   578   578 I qseecomd: type=1400 audit(0.0:18): avc: denied { read write } for name="sda1" dev="tmpfs" ino=11334 scontext=u:r:tee:s0 tcontext=u:object_r:block_device:s0 tclass=blk_file permissive=1
06-17 03:08:33.749   578   578 I qseecomd: type=1400 audit(0.0:19): avc: denied { open } for path="/dev/block/sda1" dev="tmpfs" ino=11334 scontext=u:r:tee:s0 tcontext=u:object_r:block_device:s0 tclass=blk_file permissive=1
06-17 03:08:33.751   578   578 D QSEECOMD: : qseecom listener services process entry PPID = 1
06-17 03:08:33.751   578   578 E QSEECOMD: : Listener: index = 0, hierarchy = 0
06-17 03:08:33.754   578   578 D QSEECOMD: : Init dlopen(librpmb.so, RTLD_NOW) succeeds
06-17 03:08:33.754   578   578 D QSEECOMD: : Init::Init dlsym(g_FSHandle rpmb_init_service) succeeds
06-17 03:08:33.755   583   583 I ServiceManagement: Registered android.hardware.boot@1.0::IBootControl/default (start delay of 41ms)
06-17 03:08:33.755   583   583 I ServiceManagement: Removing namespace from process name android.hardware.boot@1.0-service to boot@1.0-service.
06-17 03:08:33.756   583   583 I android.hardware.boot@1.0-service: Registration complete for android.hardware.boot@1.0::IBootControl/default.
06-17 03:08:33.756   578   578 E rpmb_ufs: Found an applicable RPMB lun and its index is 2
06-17 03:08:33.756   578   578 I rpmb_ufs: RPMB Mult (512-byte sector) = 32768, Rel_sec_cnt = 64
06-17 03:08:33.757   578   578 E DrmLibRpmb: rpmb_init succeeded! with ret = 0
06-17 03:08:33.757   578   578 D QSEECOMD: : Init rpmb_init_service ret = 0
06-17 03:08:33.757   578   578 D QSEECOMD: : RPMB system services: init (Listener ID = 8192)
06-17 03:08:33.757   578   578 E QSEECOMD: : Listener: index = 1, hierarchy = 0
06-17 03:08:33.758   578   578 D QSEECOMD: : Init dlopen(libssd.so, RTLD_NOW) succeeds
06-17 03:08:33.758   578   578 D QSEECOMD: : Init::Init dlsym(g_FSHandle ssd_init_service) succeeds
06-17 03:08:33.758   578   578 E SSD     : ssd_init_service succeeded!
06-17 03:08:33.758   578   578 D QSEECOMD: : Init ssd_init_service ret = 0
06-17 03:08:33.758   578   578 D QSEECOMD: : SSD system services: init (Listener ID = 12288)
06-17 03:08:33.758   578   578 E QSEECOMD: : Listener: index = 2, hierarchy = 0
06-17 03:08:33.759   578   578 E QSEECOMD: : Init dlopen(libsecureui.so, RLTD_NOW) is failed.... dlopen failed: library "libsecureui.so" not found
06-17 03:08:33.759   578   578 D QSEECOMD: : SEC_UI_INIT failed, shall not start secure ui listener
06-17 03:08:33.759   578   578 D QSEECOMD: : qseecom listener service threads starting!!!
06-17 03:08:33.759   578   578 D QSEECOMD: : Total listener services to start = 10
06-17 03:08:33.759   578   578 E QSEECOMD: : Listener: index = 0, hierarchy = 1
06-17 03:08:33.759   578   578 D QSEECOMD: : Init dlopen(librpmb.so, RTLD_NOW) succeeds
06-17 03:08:33.759   578   578 D QSEECOMD: : Init::Init dlsym(g_FSHandle rpmb_start) succeeds
06-17 03:08:33.759   578   578 D QSEECOMAPI: QSEECom_register_listener 8192 sb_length = 0x6400
06-17 03:08:33.760   578   578 D QSEECOMD: : Init rpmb_start ret = 0
06-17 03:08:33.760   578   578 D QSEECOMD: : RPMB system services: Started (Listener ID = 8192)
06-17 03:08:33.760   578   578 E QSEECOMD: : Listener: index = 1, hierarchy = 1
06-17 03:08:33.760   578   578 D QSEECOMD: : Init dlopen(libssd.so, RTLD_NOW) succeeds
06-17 03:08:33.760   578   578 D QSEECOMD: : Init::Init dlsym(g_FSHandle ssd_start) succeeds
06-17 03:08:33.760   578   578 D QSEECOMAPI: QSEECom_register_listener 12288 sb_length = 0x5000
06-17 03:08:33.761   578   578 D QSEECOMD: : Init ssd_start ret = 0
06-17 03:08:33.761   578   578 D QSEECOMD: : SSD system services: Started (Listener ID = 12288)
06-17 03:08:33.761   578   578 E QSEECOMD: : Listener: index = 2, hierarchy = 1
06-17 03:08:33.761   578   578 E QSEECOMD: : Init dlopen(libsecureui.so, RLTD_NOW) is failed.... dlopen failed: library "libsecureui.so" not found
06-17 03:08:33.761   578   578 E QSEECOMD: : Listener: index = 3, hierarchy = 1
06-17 03:08:33.765   578   578 D QSEECOMD: : Init dlopen(libdrmtime.so, RTLD_NOW) succeeds
06-17 03:08:33.765   578   578 D QSEECOMD: : Init::Init dlsym(g_FSHandle atime_start) succeeds
06-17 03:08:33.765   578   578 D DrmLibTime: QSEE Time Listener: atime_start
06-17 03:08:33.765   578   578 D QSEECOMAPI: QSEECom_register_listener 11 sb_length = 0x5000
06-17 03:08:33.765   585   585 D         : cryptfshw: svc service starting.
06-17 03:08:33.766   578   578 D DrmLibTime: registering fs service to QSEECom is done!
06-17 03:08:33.766   578   578 D DrmLibTime: begin to create a thread!
06-17 03:08:33.766   578   578 D DrmLibTime: Creating a pthread in atime_start is done! return 0
06-17 03:08:33.766   578   578 D QSEECOMD: : Init atime_start ret = 0
06-17 03:08:33.766   578   578 D QSEECOMD: : time services: Started (Listener ID = 11)
06-17 03:08:33.766   578   578 E QSEECOMD: : Listener: index = 4, hierarchy = 1
06-17 03:08:33.766   578   592 D DrmLibTime: QSEE Time Listener: dispatch
06-17 03:08:33.766   578   592 D DrmLibTime: before calling ioctl to read the next time_cmd
06-17 03:08:33.766   578   578 D QSEECOMD: : Init dlopen(libdrmfs.so, RTLD_NOW) succeeds
06-17 03:08:33.766   578   578 D QSEECOMD: : Init::Init dlsym(g_FSHandle fs_start) succeeds
06-17 03:08:33.766   578   578 D QSEECOMAPI: QSEECom_register_listener 10 sb_length = 0x5000
06-17 03:08:33.767   585   585 I ServiceManagement: Registered vendor.qti.hardware.cryptfshw@1.0::ICryptfsHw/default (start delay of 53ms)
06-17 03:08:33.767   585   585 I ServiceManagement: Removing namespace from process name vendor.qti.hardware.cryptfshw@1.0-service-qti to cryptfshw@1.0-service-qti.
06-17 03:08:33.767   585   585 E         : Registered CryptfsHw HAL service success
06-17 03:08:33.767   578   578 D QSEECOMD: : Init fs_start ret = 0
06-17 03:08:33.767   578   578 D QSEECOMD: : file system services: Started (Listener ID = 10)
06-17 03:08:33.767   578   578 E QSEECOMD: : Listener: index = 5, hierarchy = 1
06-17 03:08:33.767   578   578 D QSEECOMD: : Init dlopen(libdrmfs.so, RTLD_NOW) succeeds
06-17 03:08:33.767   578   578 D QSEECOMD: : Init::Init dlsym(g_FSHandle gpfs_start) succeeds
06-17 03:08:33.769   578   578 D QSEECOMAPI: QSEECom_register_listener 28672 sb_length = 0x7e000
06-17 03:08:33.770   578   578 D QSEECOMD: : Init gpfs_start ret = 0
06-17 03:08:33.770   578   578 D QSEECOMD: : gpfile system services: Started (Listener ID = 28672)
06-17 03:08:33.770   578   578 E QSEECOMD: : Listener: index = 6, hierarchy = 1
06-17 03:08:33.773   578   578 D QSEECOMD: : Init dlopen(libqisl.so, RTLD_NOW) succeeds
06-17 03:08:33.774   578   578 D QSEECOMD: : Init::Init dlsym(g_FSHandle qisl_start) succeeds
06-17 03:08:33.774   578   595 I QISL    : QSEE Interrupt Service Listener Thread is started
06-17 03:08:33.774   578   595 D QSEECOMAPI: QSEECom_register_listener 36864 sb_length = 0x1f4
06-17 03:08:33.774   578   595 I QISL    : QSEE Interrupt Service Listener was activated successfully
06-17 03:08:33.775   578   578 D QSEECOMD: : Init qisl_start ret = 0
06-17 03:08:33.775   578   578 D QSEECOMD: : interrupt services: Started (Listener ID = 36864)
06-17 03:08:33.775   578   578 E QSEECOMD: : Listener: index = 7, hierarchy = 1
06-17 03:08:33.775   578   578 E QSEECOMD: : Init dlopen(libspl.so, RLTD_NOW) is failed.... dlopen failed: library "libspl.so" not found
06-17 03:08:33.775   578   578 E QSEECOMD: : Listener: index = 8, hierarchy = 1
06-17 03:08:33.777   581   581 I IPAHALService: makeIPAHAL(1, provided)
06-17 03:08:33.778   581   581 I ServiceManagement: Registered android.hardware.tetheroffload.control@1.0::IOffloadControl/default (start delay of 74ms)
06-17 03:08:33.778   581   581 I IPAHALService: Successfully registered IOffloadControl
06-17 03:08:33.778   578   578 D QSEECOMD: : Init dlopen(libGPreqcancel.so, RTLD_NOW) succeeds
06-17 03:08:33.778   578   578 D QSEECOMD: : Init::Init dlsym(g_FSHandle gp_reqcancel_start) succeeds
06-17 03:08:33.778   578   578 D QSEECOMAPI: QSEECom_register_listener 4352 sb_length = 0x5000
06-17 03:08:33.778   581   581 I ServiceManagement: Registered android.hardware.tetheroffload.config@1.0::IOffloadConfig/default (start delay of 75ms)
06-17 03:08:33.778   581   581 I IPAHALService: Successfully registered IOffloadConfig
06-17 03:08:33.779   578   578 D QSEECOMD: : Init gp_reqcancel_start ret = 0
06-17 03:08:33.779   578   578 D QSEECOMD: : gp request cancellation services: Started (Listener ID = 4352)
06-17 03:08:33.779   578   578 E QSEECOMD: : Listener: index = 9, hierarchy = 1
06-17 03:08:33.779   578   578 E QSEECOMD: : Init dlopen(libops.so, RLTD_NOW) is failed.... dlopen failed: library "libops.so" not found
06-17 03:08:33.780   578   578 D QSEECOMD: : QSEECOM DAEMON RUNNING
06-17 03:08:33.781   591   591 E fsverity_init: Failed to load /product/etc/security/fsverity/*.der
06-17 03:08:33.789   551   551 D QSEECOMAPI: QSEECom_get_handle sb_length = 0xa000
06-17 03:08:33.789   551   551 D QSEECOMAPI: App is already loaded QSEE and app id = 1
06-17 03:08:33.792   551   551 E KeymasterUtils: TA API Major Version: 4
06-17 03:08:33.792   551   551 E KeymasterUtils: TA API Minor Version: 0
06-17 03:08:33.792   551   551 E KeymasterUtils: TA Major Version: 4
06-17 03:08:33.792   551   551 E KeymasterUtils: TA Minor Version: 164
06-17 03:08:33.795   601   601 E /system/bin/mini-keyctl: Cannot find keyring id
06-17 03:08:33.800   551   551 I ServiceManagement: Registered android.hardware.keymaster@4.0::IKeymasterDevice/default (start delay of 256ms)
06-17 03:08:33.800   551   551 I ServiceManagement: Removing namespace from process name android.hardware.keymaster@4.0-service-qti to keymaster@4.0-service-qti.
06-17 03:08:33.805   602   602 E fsverity_init: Failed to restrict .fs-verity keyring
06-17 03:08:33.829   603   603 I apexd   : Marking APEXd as starting
06-17 03:08:33.840   603   603 I apexd   : Scanning /system/apex for embedded keys
06-17 03:08:33.841   603   603 I apexd   : Scanning /product/apex for embedded keys
06-17 03:08:33.841   603   603 I apexd   : ... does not exist. Skipping
06-17 03:08:33.841   603   603 I apexd   : Populating APEX database from mounts...
06-17 03:08:33.841   603   603 E apexd   : Failed to walk /product/apex : Can't open /product/apex for reading : No such file or directory
06-17 03:08:33.841   603   603 I apexd   : Found "/apex/com.android.tzdata@290000000"
06-17 03:08:33.841   603   603 I apexd   : Found "/apex/com.android.runtime@1"
06-17 03:08:33.841   603   603 I apexd   : 2 packages restored.
06-17 03:08:33.841   603   603 I apexd   : Scanning /data/apex/sessions looking for sessions to be activated.
06-17 03:08:33.842   603   603 I apexd   : Scanning /data/apex/active looking for APEX packages.
06-17 03:08:33.842   603   603 I apexd   : Activated 0 packages. Skipped: 0
06-17 03:08:33.842   603   603 I apexd   : Scanning /system/apex looking for APEX packages.
06-17 03:08:33.842   603   603 I apexd   : Found /system/apex/com.android.conscrypt
06-17 03:08:33.842   603   603 V apexd   : Creating mount point: /apex/com.android.conscrypt@290000000
06-17 03:08:33.842   603   603 I apexd   : Successfully bind-mounted flattened package /system/apex/com.android.conscrypt on /apex/com.android.conscrypt@290000000
06-17 03:08:33.842   603   603 V apexd   : Creating bind-mount for /apex/com.android.conscrypt for /apex/com.android.conscrypt@290000000
06-17 03:08:33.842   603   603 V apexd   : Creating mountpoint /apex/com.android.conscrypt
06-17 03:08:33.842   603   603 V apexd   : Bind-mounting /apex/com.android.conscrypt@290000000 to /apex/com.android.conscrypt
06-17 03:08:33.842   603   603 D apexd   : Successfully activated /system/apex/com.android.conscrypt package_name: com.android.conscrypt version: 290000000
06-17 03:08:33.842   603   603 I apexd   : Found /system/apex/com.android.media
06-17 03:08:33.842   603   603 V apexd   : Creating mount point: /apex/com.android.media@290000000
06-17 03:08:33.842   603   603 I apexd   : Successfully bind-mounted flattened package /system/apex/com.android.media on /apex/com.android.media@290000000
06-17 03:08:33.842   603   603 V apexd   : Creating bind-mount for /apex/com.android.media for /apex/com.android.media@290000000
06-17 03:08:33.842   603   603 V apexd   : Creating mountpoint /apex/com.android.media
06-17 03:08:33.842   603   603 V apexd   : Bind-mounting /apex/com.android.media@290000000 to /apex/com.android.media
06-17 03:08:33.842   603   603 D apexd   : Successfully activated /system/apex/com.android.media package_name: com.android.media version: 290000000
06-17 03:08:33.843   603   603 I apexd   : Found /system/apex/com.android.media.swcodec
06-17 03:08:33.843   603   603 V apexd   : Creating mount point: /apex/com.android.media.swcodec@290000000
06-17 03:08:33.843   603   603 I apexd   : Successfully bind-mounted flattened package /system/apex/com.android.media.swcodec on /apex/com.android.media.swcodec@290000000
06-17 03:08:33.843   603   603 V apexd   : Creating bind-mount for /apex/com.android.media.swcodec for /apex/com.android.media.swcodec@290000000
06-17 03:08:33.843   603   603 V apexd   : Creating mountpoint /apex/com.android.media.swcodec
06-17 03:08:33.843   603   603 V apexd   : Bind-mounting /apex/com.android.media.swcodec@290000000 to /apex/com.android.media.swcodec
06-17 03:08:33.843   603   603 D apexd   : Successfully activated /system/apex/com.android.media.swcodec package_name: com.android.media.swcodec version: 290000000
06-17 03:08:33.843   603   603 I apexd   : Found /system/apex/com.android.resolv
06-17 03:08:33.843   603   603 V apexd   : Creating mount point: /apex/com.android.resolv@290000000
06-17 03:08:33.843   603   603 I apexd   : Successfully bind-mounted flattened package /system/apex/com.android.resolv on /apex/com.android.resolv@290000000
06-17 03:08:33.843   603   603 V apexd   : Creating bind-mount for /apex/com.android.resolv for /apex/com.android.resolv@290000000
06-17 03:08:33.843   603   603 V apexd   : Creating mountpoint /apex/com.android.resolv
06-17 03:08:33.843   603   603 V apexd   : Bind-mounting /apex/com.android.resolv@290000000 to /apex/com.android.resolv
06-17 03:08:33.843   603   603 D apexd   : Successfully activated /system/apex/com.android.resolv package_name: com.android.resolv version: 290000000
06-17 03:08:33.843   603   603 I apexd   : Found /system/apex/com.android.tzdata
06-17 03:08:33.843   603   603 I apexd   : Skipping activation of /system/apex/com.android.tzdata same package with higher version 290000000 is already active
06-17 03:08:33.843   603   603 I apexd   : Found /system/apex/com.android.runtime.release
06-17 03:08:33.843   603   603 I apexd   : Skipping activation of /system/apex/com.android.runtime.release same package with higher version 1 is already active
06-17 03:08:33.843   603   603 I apexd   : Activated 4 packages. Skipped: 2
06-17 03:08:33.843   603   603 I apexd   : Scanning /product/apex looking for APEX packages.
06-17 03:08:33.843   603   603 E apexd   : Failed to activate packages from /product/apex : Failed to scan /product/apex : Can't open /product/apex for reading : No such file or directory
06-17 03:08:33.844   603   603 I apexd   : Marking APEXd as ready
06-17 03:08:33.857   584   584 D QSEECOMAPI: QSEECom_get_handle sb_length = 0xa000
06-17 03:08:33.857   584   584 D QSEECOMAPI: App is already loaded QSEE and app id = 1
06-17 03:08:33.860   584   584 E KeymasterUtils: TA API Major Version: 4
06-17 03:08:33.860   584   584 E KeymasterUtils: TA API Minor Version: 0
06-17 03:08:33.860   584   584 E KeymasterUtils: TA Major Version: 4
06-17 03:08:33.860   584   584 E KeymasterUtils: TA Minor Version: 164
06-17 03:08:33.863   584   584 I ServiceManagement: Registered android.hardware.gatekeeper@1.0::IGatekeeper/default (start delay of 149ms)
06-17 03:08:33.863   584   584 I ServiceManagement: Removing namespace from process name android.hardware.gatekeeper@1.0-service-qti to gatekeeper@1.0-service-qti.
06-17 03:08:33.863   584   584 I android.hardware.gatekeeper@1.0-service: Registration complete for android.hardware.gatekeeper@1.0::IGatekeeper/default.
06-17 03:08:33.868   559   559 D vold    : fscrypt_init_user0
06-17 03:08:33.868   559   559 D vold    : fscrypt_prepare_user_storage for volume null, user 0, serial 0, flags 1
06-17 03:08:33.868   559   559 D vold    : Preparing: /data/system/users/0
06-17 03:08:33.869   559   559 D vold    : Preparing: /data/misc/profiles/cur/0
06-17 03:08:33.869   559   559 D vold    : Preparing: /data/system_de/0
06-17 03:08:33.869   559   559 D vold    : Preparing: /data/misc_de/0
06-17 03:08:33.870   559   559 D vold    : Preparing: /data/vendor_de/0
06-17 03:08:33.870   559   559 D vold    : Preparing: /data/user_de/0
06-17 03:08:33.871   559   559 D vold    : /system/bin/vold_prepare_subdirs
06-17 03:08:33.871   559   559 D vold    :     prepare
06-17 03:08:33.871   559   559 D vold    :
06-17 03:08:33.871   559   559 D vold    :     0
06-17 03:08:33.871   559   559 D vold    :     1
06-17 03:08:33.885   607   607 D vold_prepare_subdirs: Setting up mode 700 uid 0 gid 0 context u:object_r:vold_data_file:s0 on path: /data/misc_de/0/vold
06-17 03:08:33.886   607   607 D vold_prepare_subdirs: Setting up mode 700 uid 0 gid 0 context u:object_r:storaged_data_file:s0 on path: /data/misc_de/0/storaged
06-17 03:08:33.886   607   607 D vold_prepare_subdirs: Setting up mode 700 uid 0 gid 0 context u:object_r:rollback_data_file:s0 on path: /data/misc_de/0/rollback
06-17 03:08:33.886   607   607 D vold_prepare_subdirs: Setting up mode 700 uid 1000 gid 1000 context u:object_r:fingerprint_vendor_data_file:s0 on path: /data/vendor_de/0/fpdata
06-17 03:08:33.887   607   607 D vold_prepare_subdirs: Setting up mode 700 uid 1000 gid 1000 context u:object_r:face_vendor_data_file:s0 on path: /data/vendor_de/0/facedata
06-17 03:08:33.887   559   559 D vold    : fscrypt_unlock_user_key 0 serial=0 token_present=0
06-17 03:08:33.901   608   608 I /system/bin/tzdatacheck: timezone distro dir /data/misc/zoneinfo/current does not exist. No action required.
06-17 03:08:33.909   530   530 I init    : type=1400 audit(0.0:20): avc: denied { setattr } for name="fota" dev="sda9" ino=143427 scontext=u:r:vendor_init:s0 tcontext=u:object_r:system_data_file:s0 tclass=dir permissive=1
06-17 03:08:33.909   530   530 I init    : type=1400 audit(0.0:21): avc: denied { setattr } for name="tombstones" dev="sda9" ino=119521 scontext=u:r:vendor_init:s0 tcontext=u:object_r:tombstone_data_file:s0 tclass=dir permissive=1
06-17 03:08:33.919   530   530 I init    : type=1400 audit(0.0:22): avc: denied { setattr } for name="0" dev="sda8" ino=589825 scontext=u:r:vendor_init:s0 tcontext=u:object_r:vendor_file:s0 tclass=dir permissive=1
06-17 03:08:33.959   610   610 I art_apex: === ART pre-boot integrity checks ===
06-17 03:08:33.975   612   612 F art_apex: Device is not fsverity-enabled.

And then stops showing any activities.

Did you enable the log with

adb shell setprop persist.log.tag 0

Thanks a lot. Your command worked.

1 Like

Perfect. Thanks Craig.

1 Like

Thank you for reporting back.

The original contributor for the tip is @biviel . He figured it out for the THETA Z1.

I’m glad that it works on the X.

Your report that it works will help the community.

If you have time, can you mark the post as a solution.

Have a nice night.